is the highest common factor of 76 and 608?
76
Calculate the greatest common divisor of 1062 and 472.
118
What is the greatest common factor of 9384 and 207?
69
What is the highest common factor of 11107 and 145?
29
What is the greatest common divisor of 318 and 6?
6
Calculate the highest common divisor of 720 and 160.
80
Calculate the greatest common divisor of 12 and 69.
3
Calculate the highest common divisor of 128 and 256.
128
Calculate the greatest common factor of 98 and 1666.
98
Calculate the highest common factor of 188 and 282.
94
Calculate the greatest common divisor of 555 and 30.
15
What is the greatest common factor of 4736 and 128?
128
What is the greatest common divisor of 164 and 4?
4
What is the greatest common divisor of 11 and 3179?
11
Calculate the highest common factor of 100 and 60.
20
Calculate the greatest common divisor of 345 and 299.
23
What is the greatest common divisor of 10 and 610?
10
Calculate the highest common factor of 40 and 100.
20
Calculate the highest common divisor of 174 and 6003.
87
What is the greatest common divisor of 34 and 272?
34
What is the greatest common factor of 1568 and 32?
32
What is the highest common divisor of 6 and 375?
3
Calculate the highest common factor of 180 and 260.
20
Calculate the greatest common divisor of 1047 and 12.
3
Calculate the greatest common divisor of 500 and 12700.
100
What is the greatest common divisor of 16891 and 133?
133
What is the greatest common factor of 45 and 5085?
45
What is the greatest common divisor of 1152 and 48?
48
Calculate the highest common factor of 68 and 442.
34
What is the highest common factor of 25 and 145?
5
What is the highest common divisor of 182 and 42?
14
Calculate the highest common factor of 120 and 2288.
8
Calculate the highest common divisor of 6 and 1572.
6
Calculate the highest common factor of 848 and 53.
53
What is the greatest common divisor of 13 and 80288?
13
What is the greatest common factor of 82 and 697?
41
Calculate the greatest common factor of 6770 and 10.
10
Calculate the highest common divisor of 39957 and 57.
57
What is the greatest common divisor of 2622 and 798?
114
What is the greatest common factor of 297 and 33?
33
Calculate the greatest common factor of 72 and 384.
24
What is the greatest common divisor of 160 and 420?
20
Calculate the highest common factor of 1650 and 1155.
165
Calculate the greatest common factor of 4 and 52.
4
Calculate the greatest common factor of 3266 and 92.
46
What is the greatest common divisor of 8 and 10?
2
What is the greatest common factor of 50 and 50?
50
What is the highest common factor of 4756 and 492?
164
Calculate the highest common factor of 5 and 3.
1
What is the highest common divisor of 278 and 695?
139
Calculate the greatest common divisor of 646 and 340.
34
Calculate the highest common factor of 18 and 36.
18
Calculate the greatest common factor of 13 and 12571.
13
Calculate the greatest common divisor of 416 and 736.
32
Calculate the highest common factor of 40 and 90.
10
Calculate the highest common factor of 36 and 657.
9
Calculate the highest common factor of 9702 and 18.
18
Calculate the highest common divisor of 1875 and 15.
15
Calculate the highest common divisor of 680 and 40.
40
Calculate the highest common divisor of 4680 and 624.
312
Calculate the greatest common factor of 15038 and 618.
206
Calculate the highest common factor of 40 and 1340.
20
What is the greatest common factor of 442 and 182?
26
What is the greatest common factor of 3427 and 23?
23
Calculate the highest common divisor of 2410 and 20.
10
Calculate the highest common divisor of 15 and 265.
5
What is the highest common divisor of 80 and 520?
40
What is the highest common divisor of 1125 and 9?
9
What is the greatest common divisor of 27 and 26109?
27
What is the greatest common divisor of 154 and 56?
14
What is the highest common factor of 3 and 213?
3
Calculate the greatest common divisor of 16 and 28.
4
What is the highest common divisor of 911 and 8?
1
What is the highest common divisor of 32 and 1136?
16
What is the greatest common divisor of 13820 and 20?
20
What is the greatest common divisor of 6330 and 90?
30
What is the highest common divisor of 174 and 3886?
58
Calculate the greatest common factor of 10 and 10750.
10
What is the highest common divisor of 76 and 95?
19
What is the highest common divisor of 60799 and 163?
163
Calculate the greatest common divisor of 101 and 606.
101
What is the highest common divisor of 12 and 11436?
12
What is the highest common divisor of 12 and 258?
6
What is the greatest common divisor of 1 and 76?
1
What is the greatest common factor of 86 and 302?
2
What is the greatest common factor of 294 and 1134?
42
Calculate the greatest common factor of 341 and 93.
31
What is the highest common divisor of 42 and 37170?
42
Calculate the highest common factor of 5 and 31.
1
Calculate the highest common factor of 2356 and 836.
76
What is the highest common factor of 276 and 3657?
69
What is the highest common factor of 12 and 20?
4
Calculate the highest common divisor of 72 and 40.
8
What is the greatest common factor of 18 and 2826?
18
Calculate the greatest common factor of 28 and 4690.
14
What is the greatest common divisor of 1066 and 130?
26
What is the greatest common divisor of 836 and 44?
44
Calculate the greatest common divisor of 5 and 5.
5
What is the highest common factor of 1943 and 29?
29
What is the highest common divisor of 39 and 325?
13
Calculate the highest common divisor of 15 and 1535.
5
Calculate the highest common factor of 108 and 676.
4
Calculate the highest common factor of 66 and 1617.
33
What is the highest common factor of 105 and 1295?
35
What is the highest common factor of 10 and 2?
2
Calculate the highest common divisor of 21532 and 28.
28
What is the greatest common divisor of 357 and 161?
7
What is the highest common divisor of 189 and 279?
9
Calculate the greatest common divisor of 3514 and 14.
14
What is the greatest common divisor of 180 and 288?
36
What is the highest common divisor of 62 and 16?
2
What is the highest common factor of 98 and 42?
14
Calculate the greatest common factor of 85 and 10.
5
Calculate the highest common divisor of 316 and 1501.
79
Calculate the greatest common factor of 560 and 2835.
35
Calculate the highest common factor of 11 and 11495.
11
What is the greatest common divisor of 650 and 10530?
130
Calculate the highest common factor of 2146 and 222.
74
Calculate the highest common factor of 442 and 52.
26
Calculate the greatest common factor of 588 and 252.
84
What is the highest common factor of 8349 and 138?
69
What is the greatest common factor of 605 and 3146?
121
Calculate the greatest common factor of 28 and 4536.
28
Calculate the highest common divisor of 1349 and 76.
19
Calculate the greatest common divisor of 1305 and 9.
9
What is the greatest common factor of 787 and 1?
1
Calculate the greatest common factor of 2 and 124.
2
What is the highest common factor of 5 and 2245?
5
Calculate the greatest common divisor of 40181 and 23.
23
What is the greatest common factor of 507 and 3?
3
Calculate the highest common factor of 4536 and 231.
21
What is the greatest common divisor of 24 and 69?
3
Calculate the highest common divisor of 49 and 28.
7
What is the greatest common divisor of 646 and 798?
38
Calculate the highest common factor of 14 and 42.
14
Calculate the greatest common factor of 10 and 310.
10
Calculate the highest common divisor of 476 and 76.
4
What is the highest common divisor of 60 and 372?
12
What is the greatest common divisor of 264 and 456?
24
Calculate the greatest common divisor of 12 and 300.
12
Calculate the highest common factor of 592 and 5772.
148
What is the greatest common factor of 57 and 12?
3
Calculate the highest common factor of 154 and 2002.
154
What is the greatest common factor of 90 and 530?
10
What is the greatest common factor of 195 and 65?
65
What is the highest common divisor of 20 and 110?
10
What is the greatest common factor of 9 and 423?
9
Calculate the greatest common divisor of 2 and 41.
1
Calculate the highest common factor of 100 and 140.
20
What is the highest common divisor of 1330 and 760?
190
What is the greatest common facto